(-1)?
2, 3
Let g = -4 + 6. Let d = -8 + g. Let o(u) = -u**3 - 7*u**2 - 7*u + 3. What are the prime factors of o(d)?
3
Let v = 13 - -11. List the prime factors of v.
2, 3
Let g be 33/(-5) + 2/(-5). Let m be 9 - 2*(-1)/2. Let i = m + g. List the prime factors of i.
3
Let l(h) = -h + 16. Let a be l(11). Suppose -k = -11 + a. What are the prime factors of k?
2, 3
Suppose -2*v + 0*v = 4*k - 126, 92 = 3*k + v. What are the prime factors of k?
29
Let m(d) = 130*d**3 + d**2 - d + 1. What are the prime factors of m(1)?
131
Let j be -2 + 2 - (-111)/(-1). What are the prime factors of (j/15)/(1/(-5))?
37
Let a(x) = x**2 + 6*x - 6. Let t be a(-6). Let c = t + 17. List the prime factors of c.
11
Suppose 6*d = -2*c + 3*d - 39, 5*d = c + 26. Let o = 31 + c. What are the prime factors of o?
2, 5
Let z be 3*((-5)/3 - -1). List the prime factors of -1 - z - (-1 + 0).
2
Suppose a = -5*u + 26, 6 = 3*u + 5*a - 14. Suppose -3*s + 85 = 5*q, -5*q + u*s - 2 = -47. List the prime factors of q.
2, 7
Suppose 186 + 214 = 8*d. What are the prime factors of d?
2, 5
Suppose -31 = -2*m - 5*p, 5*p - 2*p - 18 = -m. What are the prime factors of m?
3
Let o = -42 + 81. What are the prime factors of o?
3, 13
Let v(c) = -c - 1. Let p be v(-4). Suppose -x - 188 = s - 6*s, -p*s - x = -116. What are the prime factors of s?
2, 19
Let p(l) be the third derivative of l**4/8 + l**3/2 + l**2. Let r be p(3). Suppose 4*v + 4*f = 48, -2*v + r = -v + 4*f. What are the prime factors of v?
2, 3
Suppose -5*t + 16 = 3*a, a - 3*a + 4 = 0. Suppose -t*n + 6 = n. Suppose -42 = 2*l - 6*l - 2*r, 5*l + n*r = 52. List the prime factors of l.
2, 5
Suppose -3*f + 345 = -8*f. Let j = 98 + f. List the prime factors of j.
29
Let o(l) = -l**3 - 10*l**2 - 14*l - 12. Let f be o(-9). Suppose 2*i - f = -3*r, -i - 7*r + 20 = -2*r. What are the prime factors of i?
3, 5
Let n(h) be the second derivative of 0 - 1/20*h**5 - 2*h - 2/3*h**3 + 5/12*h**4 + 2*h**2. List the prime factors of n(4).
2
Let i(p) = -p**3 - 8*p**2 + p + 11. Let w be i(-8). List the prime factors of (2/(-6))/(w/(-63)).
7
Let o(g) = g**3 + 13*g**2 - 2. List the prime factors of o(-6).
2, 5
Let c(o) = -63*o - 8. What are the prime factors of c(-2)?
2, 59
Let d = 13 + -8. Suppose 2 + 13 = d*x. Suppose 5*s + 5*u = 25, 2*s + x*u = 4*u + 22. What are the prime factors of s?
3
Let s(w) = 2*w**2 + 3*w - 6*w + 3*w**3 + 2*w + 4 + 0*w. Let i be s(3). Suppose -f - 4*f + i = 0. List the prime factors of f.
2, 5
Suppose 4*n = 2*f - 120, -2*f - f = -n - 200. List the prime factors of f.
2, 17
Let u be (1*-2)/2 + 1. Suppose 0*j - 3*j + 6 = u. Suppose -6 = -j*d + 14. What are the prime factors of d?
2, 5
Suppose 163 = -s + 418. Suppose -5*n + s = 3*h, -51 = n - 2*n - h. Suppose 2*c + n = 5*c. List the prime factors of c.
17
Suppose -3*d = -17 - 19. What are the prime factors of d?
2, 3
Let w(o) = 36*o - 19. List the prime factors of w(6).
197
Let s(r) = -r**3 - 12*r**2 - 12*r - 9. Let a be s(-11). Suppose a*v - 4*n + 0*n = 14, -5*n + 65 = 5*v. What are the prime factors of v?
11
Let f be 40/(-50)*5/(-2). Suppose -2*c - 22 = -f*v, v + 3*v = c + 44. What are the prime factors of v?
11
Suppose 0 = -b + 2*d - 3*d + 264, 0 = -b - 3*d + 262. List the prime factors of b.
5, 53
Let d(c) = -c**3 + 8. Let p be d(0). Suppose 2*s + p = 6*s. Suppose 0 + 18 = s*n. List the prime factors of n.
3
What are the prime factors of 1/((-4)/(-300) - 0)?
3, 5
Suppose 3*y - 639 + 237 = -s, 5*y - 2*s = 670. List the prime factors of y.
2, 67
Let k be (-1)/4 + 10/8. Suppose 9 + 2 = 5*l + v, -3*v + k = -l. Suppose -l*b = 3*w - 14, 2*b = 5*w + 1 - 3. List the prime factors of w.
2
Suppose -j + 5*j = 120. What are the prime factors of 96/5 + (-6)/j?
19
Suppose -m = -7 - 87. What are the prime factors of m?
2, 47
Let l = 12 - 8. Suppose -7 = i - 46. Suppose l*n = 3*q - 0*q + i, 2*q = -10. List the prime factors of n.
2, 3
Suppose 0 = -9*w + 207 + 117. List the prime factors of w.
2, 3
Let o = 4 + -4. Let f be ((-3)/(-6) + o)*-12. Let i(r) = -r**2 - 9*r - 9. List the prime factors of i(f).
3
Let c be (-1)/(-1 + 6/8). Suppose -45 = -c*n - n. What are the prime factors of ((-16)/(-6))/(3/n)?
2
Let x be (0 - 0) + 0 + -2. Let l(y) = 6*y**2 - y - 2. List the prime factors of l(x).
2, 3
Let p = -312 - -532. List the prime factors of p.
2, 5, 11
Suppose 0 = -j - 4*j. Suppose 3*l - 39 = -3*b, j = -3*l - 0*l + 2*b + 29. List the prime factors of l.
11
List the prime factors of (-81)/(-6)*(-1 - -3).
3
Suppose 5*z - 187 = 3*p, 4*z - 153 = 2*p - 3*p. Suppose -2 = 4*s - z. What are the prime factors of s?
3
Suppose -3*v - v = -28. Let p = 9 - v. List the prime factors of p.
2
Suppose 5*q - 34 = -4*y, -q + 3 = 2*y - 11. Let k be (-2 + 2 + y)*-1. Let w(p) = p**3 + 7*p**2 + 4*p - 3. List the prime factors of w(k).
3
Suppose -2*a - 5 = -29. List the prime factors of a.
2, 3
Let z(x) = -x**3 - 12*x**2 - 4*x - 3. What are the prime factors of z(-12)?
3, 5
Suppose 5*x = 3*m + 53, 3*x = 3*m + m + 34. List the prime factors of (-2 - -4)*x/4.
5
Suppose 5*r + 23 = 2*d, -d + 5*r + 10 + 14 = 0. Let y = 5 + d. What are the prime factors of y?
2
Suppose -k - 30 = -a + 2*k, 2*k - 44 = -2*a. Let d(l) = -l**3 + l. Let c be d(0). Suppose c*m - a = -2*m. List the prime factors of m.
2, 3
Let z = 50 - 44. List the prime factors of z.
2, 3
Suppose -r = -1, 0 = -5*w - 3*r - 2*r + 20. Suppose -2*s - 6 = -i - s, -4*i = w*s + 4. Suppose 48 = 2*j + i*j. List the prime factors of j.
2, 3
Suppose -3*o + 2*v + 24 = 144, 0 = -3*o - 3*v - 105. What are the prime factors of (-3 + 1)/(4/o)?
19
Let p(x) = -19*x**3 + x**2 + 2*x + 1. Let r be p(-1). Let g be (2 - -1) + -2 - 11. Let m = g + r. List the prime factors of m.
3
Let z(s) = -2*s**2 + 6*s + 1. Let g be z(5). Let u be 6/(-4)*392/(-21). Let o = g + u. List the prime factors of o.
3
Let s = 1060 - 658. List the prime factors of s.
2, 3, 67
Let m(f) = f**2 + 6*f + 22. What are the prime factors of m(-5)?
17
Let l be (-26)/(-10) + (-3)/5. Suppose -3*d - 9 = -24. Suppose -4*s - 12 + 1 = -3*n, -23 = -d*n + l*s. What are the prime factors of n?
5
Suppose 5 = 2*w - 35. What are the prime factors of (-13)/(-4) - 5/w?
3
Suppose 5*z = 3*h + 700, -3*h + 730 = z + 4*z. List the prime factors of z.
11, 13
Suppose 0 = -y - 4*y - 340. Let u = 108 + y. What are the prime factors of u?
2, 5
Suppose t + 4*z - 2 = 0, -2*t - 4*z = -0*z - 4. Suppose -3*b = t*n - 0*n - 1, -5*b + 8 = -3*n. List the prime factors of 2 - b/(-1)*9.
11
List the prime factors of 4*14 + -2 + (3 - 6).
3, 17
Let r(p) = -p**2 + 3*p + 4. Let s be r(5). List the prime factors of 8/s*(-81)/18.
2, 3
Let q(y) = y**2 + y - 4. Let t be q(3). Suppose 6*d = 5*d + t. List the prime factors of d.
2
Let x(b) = -12*b. Let o be x(-1). Suppose 37 = 5*v + o. What are the prime factors of v - ((-2)/1)/2?
2, 3
Suppose -n = -3*l - 8, 63 = 3*n - 0*n + 4*l. Suppose -2*s + n = -21. What are the prime factors of s?
19
Let p = 8 + -40. Let y = p - -45. List the prime factors of y.
13
Let n = -97 + 184. Let i = n + -44. List the prime factors of i.
43
Suppose 4*a + 0*a - 8 = 0. Let c = 18 - a. List the prime factors of c.
2
Let c(o) = o**2 + 1. Let d(s) = 3*s + 5. Let p be d(-3). List the prime factors of c(p).
17
Suppose -2*m = -2*f - 2, 0 = f - 1 - 1. Suppose 108 = w + m*w. List the prime factors of w.
3
Suppose -7 = -2*u + 5. List the prime factors of 273/u - 2/(-4).
2, 23
Let g(s) = -5 - 2*s**2 + 4 + 0 + 2*s + 10*s**3. What are the prime factors of g(1)?
3
Let j(t) = 5*t**2 + 2*t - 3. Let x be j(2). Suppose 3*i = 2*i - x. Let b = -10 - i. What are the prime factors of b?
11
Suppose -17*w + 20*w - 405 = 0. What are the prime factors of w?
3, 5
Suppose 5*j - 25 = -0*j. List the prime factors of j.
5
Suppose 4*c - 14 = 3*c. Suppose 3 + 3 = 3*v. Suppose 0 = -2*q + c - v. List the prime factors of q.
2, 3
Let g = 116 - 56. List the prime factors of g.
2, 3, 5
Let y = -17 + 39. What are the prime factors of y?
2, 11
Suppose -4*j - j + 5*h = -45, -5*j = 3*h - 53. Let g be (-4)/j*(1 - -4). List the prime factors of 21 + (g - 0 - -3).
2, 11
Let k(c) = -2*c - 2. Let l be k(2). Let y be (-8)/l - (-1)/(-3). What are the prime factors of 33/(-2 - y)*-1?
11
Let z = 39 - 30. What are the prime factors of z?
3
List the prime factors of (-12)/(-36) - 65/(-3).
2, 11
Let 